se -5*v + 215 = -5*f, 4*f + 3 = 3*v - 123. Let z = v - 52. Determine p(z).
-30
Let k be (33/11)/(1 + 8). Let z(j) be the first derivative of 0*j**2 - 21 + k*j**3 - 4*j. Give z(3).
5
Let m(r) = 172*r**3 + 2*r**2 + 10*r + 5. Let k(p) = -208*p**3 - 2*p**2 - 12*p - 6. Let c(v) = 4*k(v) + 5*m(v). Let i be (-2)/(-2) + 0 - 2. What is c(i)?
-27
Let u(g) = -g**3 - 11*g**2 + 39*g - 34. Suppose 5*h - 3*h - 2*a = -14, -7 = 2*h - 3*a. What is u(h)?
8
Let w(p) be the third derivative of 5*p**4/24 + 7*p**3/6 - 3336*p**2. Give w(1).
12
Suppose 2*k = -4*i - 28, 4*i = 5*i + 5*k - 11. Let a(o) = -8*o - 1. Calculate a(i).
71
Let c(r) = 11*r**3 + 4*r**2 - 8*r + 4. Let b(q) = -23*q**3 - 7*q**2 + 14*q - 7. Let z = 120 + -115. Let y(g) = z*c(g) + 3*b(g). Calculate y(1).
-14
Let t(w) = -16*w**2 - 67*w - 60. Let n be t(-3). Let m(u) = u**3 + 3*u**2 - 5*u - 25. What is m(n)?
-10
Let o(f) = 184*f**3 + 179*f**3 + f - 18 + 2*f**2 + 2 - 364*f**3. Determine o(0).
-16
Let f(h) = 15*h + 28. Let i(b) = -b**2 - 77*b - 113. Let w(a) = 9*f(a) + 2*i(a). Give w(-10).
16
Let h(u) be the second derivative of u**3/3 + u**2/2 - u. Let d be h(-2). Let v(m) be the first derivative of -m**3/3 - 3*m**2/2 + m + 226. Calculate v(d).
1
Let t(w) = w**2 + 3*w - 2. Let r be t(1). Suppose -3*z + 4*c = 2, r*z + 34 = -5*c + 2. Let m(i) = -i**3 - 7*i**2 - 5*i + 8. Calculate m(z).
2
Let t(d) = -20*d + 27. Let b be t(1). Let i(n) = -n**3 + 10*n**2 - 21*n + 9. Calculate i(b).
9
Let y(f) be the first derivative of 3*f + 3/2*f**2 + 58 + f**3. What is y(-3)?
21
Let o(z) = 14385*z**2 - 14395*z**2 - 41 + 20 - z - z**3. Determine o(-10).
-11
Let r = 55 - -158. Let j = 219 - r. Let t(x) = -x**3 + 7*x**2 - 6*x + 4. Give t(j).
4
Let o(y) = -y + 6. Suppose -24*v + 43*v - 38 = 0. Let m be 1/4 - (-3)/4. Let w be ((v - (-9)/(-3)) + 1)/m. Give o(w).
6
Let u be 2/4*(-9 - 1). Let o(k) = -k**2 - 6*k - 4. Let w be o(u). Let n(x) = -21*x + 630. Let j(r) = 5*r - 168. Let f(h) = -15*j(h) - 4*n(h). Give f(w).
9
Let z(l) = l**3 + 33*l**2 + 60*l - 63. Suppose -5*u = 35*u - 307*u - 8277. Calculate z(u).
-1
Let n be (-1)/(-1) - (-131)/131. Let k(z) be the second derivative of 1/2*z**3 + 3*z + 0 - z**n. Determine k(4).
10
Let x(j) = -9*j**2 - 6*j**2 - 4*j - j**2 + 113 + 8*j**2 - 112. What is x(-3)?
-59
Let t(j) be the second derivative of j**4/12 + 11*j**3/6 + 5956*j. Determine t(0).
0
Let k(o) be the second derivative of -o**3/6 + 7*o**2/2 + 3218*o. What is k(3)?
4
Let i(v) = -12*v**2 + 16*v - 2. Let x(k) = -13*k**2 + 18*k - 2. Let h(u) = -8*i(u) + 7*x(u). What is h(2)?
18
Let n(h) = 4*h + 2. Let s be -59 + -4 - (3 + -1). Let o = s + 63. Let j be (o/(-6))/(3/(-27)). Determine n(j).
-10
Let z(v) = -6*v - 48. Let j(u) = -5*u - 38. Let t(q) = -4*j(q) + 3*z(q). Give t(-3).
2
Let d = -36 + -23. Let x = -53 - d. Let g(z) = 5*z - 2*z**2 + z**2 + 2*z + x - z. Give g(7).
-1
Suppose 3*s + 5*s = 38*s. Let u(g) be the second derivative of -1/12*g**4 + 4*g - 3*g**2 + s - 7/6*g**3. Give u(-5).
4
Let i(f) = -3*f**2 - 10*f - 9. Let s = -2863 - -2859. Determine i(s).
-17
Let c(x) be the third derivative of -x**5/60 + x**4/4 - x**3/6 + 18*x**2 - 2*x. Suppose -6*q - 5*f = -2*q - 111, -q + 12 = -4*f. Let b = q - 18. What is c(b)?
-1
Let k = 18 + -10. Let c = 39 + -37. Let r(a) = 2*a**c + 1349 - 3*a**2 - 1354 + 10*a. Calculate r(k).
11
Let v(f) be the third derivative of -f**7/2520 + f**6/180 + f**5/30 - 5*f**4/12 + 85*f**2 + 2*f. Let s(u) be the second derivative of v(u). What is s(5)?
-1
Suppose -27 = s + 4*q, -4*s + 3*q = -2*s + 98. Let x = -41 - s. Suppose -4*k - 24 = -x*i, k = 2*i - 3*i - 3. Let a(o) = -12*o + 3. What is a(i)?
-21
Let v be -2*(-2)/(-1) + -19 + 26. Suppose -j = -5*r + 22 + 7, 0 = 2*r - v*j - 22. Let b(c) = c**2 - 5*c - 1. What is b(r)?
-1
Let f(a) be the third derivative of 0*a - 1/20*a**5 + 1/120*a**6 - a**2 + 0 + 2/3*a**3 - 1/24*a**4. Let i be 30/9 - 2/6. What is f(i)?
1
Let n be (-80)/(-28) - 24/28. Let i(t) = -1 + 7*t + 421*t**2 + 0 - 426*t**n + t**3. What is i(5)?
34
Let b(a) = 25*a - 83. Let s(z) = 21*z - 41. Let u(n) = -2*b(n) + 3*s(n). Determine u(-6).
-35
Let h(x) = -2*x - 4. Suppose -3*u - 15 = -6. Let g(y) = 5*y + 3. Let j(k) = -4*k - 3. Let i(n) = -3*g(n) - 4*j(n). Let a(w) = u*i(w) - 2*h(w). What is a(3)?
2
Let c(j) = 14 - 36 + 302*j - 9*j**2 + j**3 - 309*j. Let m be c(10). Suppose -32 = 6*i - m. Let t(a) = -a**3 - 2*a**2 + 5*a - 3. Determine t(i).
9
Let g(r) = -2*r**3 - 2*r**2 + 4*r + 2. Let t(w) be the third derivative of w**6/120 + 3*w**5/10 - w**3/2 - 7*w**2 + 3*w. Let b be t(-18). Give g(b).
26
Let x(z) = 4*z**2 - 15 - 332*z + 336*z - 2*z**2 + 16. Calculate x(0).
1
Suppose -5*m = 2*f + 52, -4*f - 34 = 3*m - 0*f. Let r(h) = 8*h + 77. Determine r(m).
-3
Let b = -3237 + 3256. Let k(h) = -h**3 + 18*h**2 + 23*h - 18. What is k(b)?
58
Let b(n) = -n**2 - n + 1. Let t be b(0). Let q(y) = -y**2 - 9*y + 2. Let s be q(-9). Let k(l) = l + l**s - l**3 + 24 + 0*l**2 + 25 - 50. What is k(t)?
0
Let h(g) = -g + 2. Let b = -32 - -51. Suppose 3*y = -5*n + 4, -3*n + b = 4*y - 1. Let v(c) = 2*c - 6. Let u be v(y). Calculate h(u).
-8
Let i(z) = -13*z - 251. Suppose -18*d + 14*d - w = 73, -4*d - 85 = -3*w. Determine i(d).
-4
Let m(q) = 3*q - 7. Let b be m(4). Suppose a - b*a - 121 = 3*p, 58 = -2*p + 3*a. Let c = p + 30. Let w(g) = g**3 + 4*g**2 - 3*g + 4. Determine w(c).
-6
Let o(p) = -13*p + 16. Let f(d) = 20*d - 25. Let k(y) = 5*f(y) + 8*o(y). Determine k(-3).
15
Let u(g) = -10*g - 77. Let w(p) = -p**3 + 38*p**2 - 43*p + 215. Let s be w(37). Determine u(s).
-7
Let a = -2 - -1. Let p(v) be the third derivative of v**6/360 + 25*v**3/3 - 8*v**2. Let l(g) be the first derivative of p(g). Determine l(a).
1
Suppose -j - 2*j = 12. Let x(v) = 2*v**3 - 13*v**2 - 7*v + 2. Let z be x(7). Let f(w) = 14 + 5*w + 2*w - 6 - z + w**2. What is f(j)?
-6
Let k(r) = 137 - r - 5*r - 131. What is k(4)?
-18
Let r = -404 - -438. Let u be (17/r)/((-3)/42). Let w(f) = 2*f**2 + 10*f + 3. Calculate w(u).
31
Let v(d) = 5*d**2 - 3*d - 5. Let j(q) = 3*q**2 - 3*q - 4. Let m be ((-3)/5)/((-1)/(-20)*-4). Let n(a) = m*j(a) - 2*v(a). Determine n(-4).
-6
Let l(w) = 16*w - 2*w - 2 - 5 - 6*w + 2. Calculate l(3).
19
Let z be (0 + 10 - 1) + -4. Suppose 0 = 4*j - 0*d + z*d + 25, -d + 14 = -3*j. Let t(u) = u**2 + 1 + 10*u - 1 - 2 + 3. Calculate t(j).
-24
Let g(z) = -z**3 - 6*z**2 - z + 4. Suppose -4 = -s - 16. Let d be s + 1 + (-27 - -32). Calculate g(d).
10
Let x(h) be the third derivative of h**5/120 + h**4/8 - 83*h**3/6 + 13*h**2. Let k(a) be the first derivative of x(a). Calculate k(8).
11
Let w be ((-6)/14)/(5/(-140)*2). Let o be w + (-3 - (3 + -6)). Let n(b) = -b + 3. Give n(o).
-3
Let n(d) = 2*d**2 + 4*d - 3. Suppose 4*a + 26 + 10 = 0. Let x be a - (0 + -1 + -5). Give n(x).
3
Let g = -379 + 382. Let w(o) = -5*o**2 - o - 8. Let l = 5 - 1. Let p(z) = 4*z**2 + 2*z + 7. Let b(m) = g*w(m) + l*p(m). Give b(-5).
4
Let m(u) = 14*u**3 + 94*u**2 + 1352. Let s(j) = j**3 + 7*j**2 + 104. Let w(a) = -2*m(a) + 27*s(a). Determine w(0).
104
Let n(u) = 5*u + 2. Let k(t) = -t**2 + 8*t - 14. Let g be k(4). Let j be (-4 + 0)*(1 + 0 - g). Suppose j = -2*s - 0. Calculate n(s).
-8
Let y(h) = -h**2 + 2*h + 8. Let v(z) be the first derivative of -z**4/4 - 2*z**3 + z**2/2 - 10. Let p be v(-6). What is y(p)?
-40
Let i(r) = -3*r + 2. Suppose 234 = 72*u - 181 + 55. Determine i(u).
-13
Let s(k) be the first derivative of 11*k**2/2 + 38*k + 1253. Determine s(-5).
-17
Suppose 10*b - 42 = 5*b - 9*b. Let u(r) = 7*r - 32. Determine u(b).
-11
Suppose -3*m - 3*p + 3413 = m, -4*p + 12 = 0. Let j = -847 + m. Let b(w) be the second derivative of -w**5/20 + w**4/6 + 5*w**3/6 + 3*w**2/2 - w. What is b(j)?
-9
Let l(b) = 52*b**2 - 615*b - 105. Let p be l(12). Let g(w) = 3*w - 2*w**2 + 0*w**2 + w**2 + 1. What is g(p)?
1
Let p(m) = 2*m + 7. Let l be p(-6). Let k(q) = 194*q**2 + 191*q**2 + 189*q**2 + 8*q - 573*q**2 + 1 - 4*q. Calculate k(l).
6
Let c(m) = -114*m**3 + m**2 - 3*m + 2. Let j = -31438 - -31439. Calculate c(j).
-114
Let q(h) = h**2 - 7*h + 2. Suppose -n = -4*a + 5, -2*a = -3*n - 4 - 11. Let s be n/(3 + 2) + 24/3. Suppose 4*c + s = 5*c. Give q(c).
2
Let q(s) be the first derivative of s**3/3 - 9*s**2/2 + 11*s - 1476. Determine q(6).
-7
Let i(n) = 8*n - 1029 - 1032 + 20*n + 2096. Give i(-1).
7
Let m(y